ommon factor of 180 and 8735.
5
Calculate the greatest common divisor of 587921 and 303.
101
What is the highest common divisor of 91218 and 46?
46
What is the highest common factor of 45078 and 170750?
1366
Calculate the highest common divisor of 120 and 333420.
60
What is the highest common divisor of 933 and 309?
3
Calculate the highest common factor of 229528 and 2496.
104
What is the greatest common divisor of 548700 and 25110?
930
What is the greatest common factor of 464 and 409596?
116
Calculate the highest common factor of 1190 and 30770.
170
Calculate the highest common divisor of 5609 and 10270.
79
Calculate the highest common divisor of 2744 and 18872.
56
Calculate the highest common divisor of 340 and 8780.
20
What is the highest common factor of 2706 and 38868?
246
What is the greatest common divisor of 240 and 50274?
6
Calculate the greatest common divisor of 708 and 31034.
118
What is the highest common factor of 262640 and 304?
16
What is the greatest common factor of 3567 and 7743?
87
What is the highest common factor of 171854 and 232?
58
What is the highest common divisor of 422195 and 85?
85
What is the highest common factor of 35 and 29918?
7
Calculate the greatest common divisor of 1255928 and 74.
74
What is the greatest common factor of 78363 and 351?
9
What is the highest common factor of 490 and 32928?
98
Calculate the greatest common divisor of 17 and 439637.
17
What is the highest common divisor of 19890 and 204?
102
What is the greatest common divisor of 7616 and 196?
28
Calculate the greatest common divisor of 103199 and 2449.
31
What is the greatest common factor of 5217 and 18204?
111
Calculate the highest common divisor of 881 and 12172777.
881
What is the highest common divisor of 182 and 9074?
26
Calculate the greatest common factor of 776107 and 43.
43
Calculate the highest common divisor of 49 and 109.
1
What is the highest common divisor of 67233 and 22104?
921
What is the greatest common divisor of 5750 and 37766?
46
Calculate the greatest common factor of 3210 and 10058.
214
What is the greatest common factor of 26 and 143254?
2
Calculate the highest common factor of 238 and 3206.
14
Calculate the highest common divisor of 378 and 216594.
378
What is the highest common divisor of 346800 and 3162?
102
Calculate the greatest common divisor of 5121399 and 789.
789
Calculate the highest common factor of 4410 and 19502.
98
What is the greatest common divisor of 9 and 78768?
9
What is the highest common factor of 6552 and 6825?
273
What is the highest common factor of 88751 and 1053?
13
What is the highest common divisor of 1085 and 9920?
155
Calculate the highest common factor of 62073 and 891.
297
Calculate the highest common divisor of 1833 and 4173.
39
What is the highest common divisor of 5600 and 910?
70
Calculate the highest common factor of 757231 and 17.
17
What is the highest common divisor of 1366 and 2049000?
1366
Calculate the greatest common factor of 77444 and 47893.
1019
What is the greatest common factor of 748 and 119?
17
What is the highest common factor of 11870 and 90?
10
What is the highest common factor of 4484 and 6136?
236
What is the highest common divisor of 27 and 18308295?
27
Calculate the greatest common factor of 82492 and 3116.
164
Calculate the highest common divisor of 118 and 168858.
118
What is the greatest common divisor of 6555 and 5865?
345
What is the greatest common divisor of 69 and 29210?
23
What is the highest common divisor of 166 and 2739?
83
What is the greatest common factor of 9 and 57597?
3
Calculate the highest common divisor of 3102 and 2211.
33
What is the greatest common factor of 65 and 1624857?
13
What is the highest common divisor of 15065608 and 8?
8
Calculate the highest common factor of 161 and 7843.
23
Calculate the highest common factor of 1024 and 6032.
16
Calculate the highest common divisor of 26 and 1176.
2
What is the highest common divisor of 52 and 124?
4
What is the greatest common factor of 30885 and 348?
87
Calculate the greatest common factor of 79141 and 203.
29
Calculate the greatest common divisor of 199980 and 101.
101
Calculate the highest common divisor of 21185 and 1805.
95
What is the greatest common divisor of 49206 and 20016?
834
Calculate the highest common divisor of 547308 and 207.
207
What is the highest common divisor of 110956 and 20?
4
Calculate the greatest common divisor of 119 and 436849.
119
What is the greatest common divisor of 67998 and 56?
14
Calculate the greatest common factor of 688 and 68284.
172
What is the highest common divisor of 2177 and 118491?
311
Calculate the greatest common divisor of 6 and 501726.
6
What is the greatest common divisor of 135486 and 1404?
702
What is the highest common factor of 100576 and 2212?
28
What is the highest common factor of 5016 and 4161?
57
Calculate the highest common divisor of 10286 and 148.
74
What is the highest common divisor of 33274 and 762?
254
Calculate the greatest common divisor of 4095 and 3705.
195
What is the greatest common divisor of 729 and 15651?
9
What is the greatest common factor of 378 and 72814?
14
Calculate the greatest common divisor of 180717 and 177.
177
What is the greatest common divisor of 1802 and 240302?
106
What is the highest common divisor of 70 and 90170?
10
What is the highest common factor of 1686 and 192?
6
Calculate the highest common divisor of 139879 and 86.
43
Calculate the highest common factor of 614562 and 624.
78
Calculate the greatest common factor of 2584 and 53884.
76
Calculate the greatest common divisor of 21361 and 41.
41
Calculate the highest common divisor of 126260 and 100.
20
What is the greatest common divisor of 19436 and 11008?
172
What is the highest common factor of 2 and 130465?
1
Calculate the highest common factor of 668233 and 97.
97
Calculate the greatest common divisor of 159281 and 14966.
1069
What is the greatest common factor of 80006 and 2725?
109
What is the highest common divisor of 1020 and 350310?
30
What is the greatest common factor of 45227 and 28?
7
What is the highest common divisor of 63 and 288?
9
Calculate the greatest common divisor of 2275674 and 474.
474
Calculate the greatest common divisor of 955 and 233593.
191
What is the greatest common factor of 155 and 170330?
5
Calculate the highest common factor of 1611 and 6165.
9
Calculate the greatest common divisor of 69992 and 312.
104
What is the greatest common divisor of 1938 and 2470?
38
What is the highest common factor of 75 and 223475?
25
What is the highest common factor of 47576 and 152?
152
Calculate the greatest common divisor of 1 and 268126.
1
Calculate the greatest common divisor of 573 and 32852.
191
Calculate the highest common divisor of 44128 and 448.
224
Calculate the greatest common factor of 44650 and 76375.
1175
Calculate the highest common factor of 89740 and 1015.
35
Calculate the highest common factor of 396 and 7510.
2
Calculate the highest common divisor of 182050 and 990.
110
What is the greatest common factor of 25795 and 220?
55
Calculate the highest common divisor of 28 and 591822.
14
Calculate the highest common divisor of 3123315 and 65.
65
Calculate the highest common divisor of 28542 and 192.
6
Calculate the highest common divisor of 10393 and 206219.
547
What is the greatest common factor of 23426 and 68?
34
Calculate the highest common factor of 14213 and 1037.
61
What is the highest common divisor of 2611 and 434?
7
Calculate the greatest common divisor of 4577 and 7164.
199
What is the highest common divisor of 8360 and 660?
220
What is the highest common factor of 513197 and 123?
41
Calculate the highest common factor of 3171 and 3624.
453
Calculate the highest common divisor of 34 and 182529.
17
Calculate the highest common factor of 1458 and 726.
6
Calculate the greatest common divisor of 24695 and 110.
55
What is the greatest common factor of 27 and 7146?
9
Calculate the greatest common factor of 9845 and 44.
11
Calculate the greatest common divisor of 5681 and 38779.
247
What is the greatest common factor of 16 and 1663504?
16
Calculate the highest common factor of 63 and 1626387.
21
What is the highest common divisor of 430 and 8090?
10
What is the greatest common factor of 167945 and 5?
5